ainder when s is divided by y.
4
Suppose -3*s = -x - 4, 2*s + 0 = -x + 6. Suppose -2*k - x*t = -22, -k + 2*k - 3*t = -5. Suppose 460 = 19*w + 4*w. What is the remainder when w is divided by k?
6
Let n(l) = 2*l - 14. Let z be n(6). Let i = z - -21. Suppose -23*v = -13*v - 920. What is the remainder when v is divided by i?
16
Let r be (-7 + 0)*(-580)/3045*6/4. Let o be (6/1 + -1)*1. Suppose -o*h = -r*j - 193 - 476, h + 5*j = 123. Calculate the remainder when h is divided by 34.
31
Suppose 4*l + 2 = -2*w, -l = -w + 3*w - 7. Let z(n) = n**2 - 6. Let x be z(l). Let y(p) = 17*p**2 + 3*p - 4. Calculate the remainder when y(x) is divided by 54.
50
Suppose -1260 = 297*a - 318*a. Calculate the remainder when a is divided by 15.
0
Let v = -1952 - -1961. Calculate the remainder when 10833 is divided by v.
6
Let y = 3248 + 2041. Calculate the remainder when y is divided by 46.
45
Suppose 3*d - 3*k = 672, -3*k = 2*k. Suppose -d = -c - 3*c. Suppose 5*u + 71 = 4*m + 10*u, 3*u = -4*m + 73. Calculate the remainder when c is divided by m.
18
Suppose -237*n + 224*n = -130. Suppose -n*i = -56*i + 7130. Suppose -m = -0*m - 26. Calculate the remainder when i is divided by m.
25
Let q = 224 - 142. What is the remainder when q is divided by 14 + (-7)/(-2) + 2/(-4)?
14
Let y(v) = 88 + v + 18*v**2 - 44 - 45. Suppose 2*q = 38 + 52. Calculate the remainder when q is divided by y(-1).
13
Let k = -6246 - -7998. Calculate the remainder when k is divided by 55.
47
Let d(p) = -15*p**2 + 155*p - 53. What is the remainder when 1407 is divided by d(9)?
10
Suppose 2*j + 3*v - 46 = 0, 4*v - 655 = 4*j - 787. What is the remainder when 1246 is divided by j?
28
Calculate the remainder when 60/18*417/5 is divided by 20.
18
Let i(a) = -36*a - 114. Let u be i(-4). Let n = u - 19. Let b(h) = 10*h + 2. Calculate the remainder when b(5) is divided by n.
8
Let f = 53 + -3. Let z = -106 - -139. What is the remainder when f is divided by ((-187)/z)/(2/(-6))?
16
Let i = -13697 - -16791. What is the remainder when i is divided by 43?
41
Calculate the remainder when -6*(-3 - 45) + -11 is divided by 34.
5
Let r be (26 - 27)*5*-1. Suppose 3*f = -3*s - 2*s + 23, 2*f + r*s - 17 = 0. Suppose -15 = -3*x + 69. Calculate the remainder when x is divided by f.
4
Suppose 0 = 2*u + 5*w - 609, -4*w - w = -2*u + 579. What is the remainder when u is divided by 147?
3
Let y(o) = -2*o**2 - 64 + 214*o - 243*o + 40. Calculate the remainder when 83 is divided by y(-13).
8
Suppose 10*v + 10 = 15*v. Let b(p) = 20*p + 20 - 9*p + 5 - p**v - 7. Calculate the remainder when b(10) is divided by 16.
12
Let v = 18277 + -10933. What is the remainder when v is divided by 31?
28
Let j(f) = -f**2 - 30*f + 855. Calculate the remainder when j(-46) is divided by 20.
19
Suppose 14*u = -20*u + 72*u - 3724. Calculate the remainder when u is divided by 12.
2
Let h(z) = 5*z - 97. Let w be h(16). Let v(y) = -8*y - 54. What is the remainder when v(w) is divided by 30?
22
Calculate the remainder when 748 is divided by (27/(-60)*12)/(24/(-40)).
1
Let c = 5951 - 5675. What is the remainder when c is divided by 193?
83
Suppose -m = -5 - 9. Calculate the remainder when (8/(-3))/(m/(-105)) is divided by ((-49)/(-56))/((-1)/(-8)).
6
Let t(i) = i**2 - 23*i + 24. Let m be t(22). Let l(d) = -11 - 19*d + 3 + 2*d**3 + 7*d + 8*d - 2*d**m. What is the remainder when 57 is divided by l(3)?
9
Let m be 38/209 - 20/(-11). Let x be m/(3/2 + -1). What is the remainder when 185 is divided by (-282)/x*46/(-69)?
44
Let j be 16*15/40*-34 - -4. Let f = j - -208. What is the remainder when f is divided by 2?
0
Let d = 4520 + -1246. Calculate the remainder when d is divided by 205.
199
Let f(k) = 5*k + 2. Suppose -32*p + 30*p - 18 = 0. Let h be 21/42 + p/(-2). What is the remainder when 159 is divided by f(h)?
24
Let i(w) = -w**2 + 19*w - 10. Let m be i(15). Let u = m - 52. Calculate the remainder when (-140)/(-2) - (-4 + u - -5) is divided by 18.
17
Suppose -h = 13*h + 210. What is the remainder when 4/2 - -2 - (-46 + h) is divided by 15?
5
Let r = 4007 + -3948. Suppose -2*o - n = -0*o - 1051, -o = 2*n - 521. Calculate the remainder when o is divided by r.
55
Let t = 0 - -3. Suppose 51*g = 46*g + 265. Suppose -x + g = t. What is the remainder when x is divided by 17?
16
Suppose -32 + 4 = -7*w. Suppose -y + 49 = 5*l - 8, 0 = 2*l - w*y - 14. Calculate the remainder when 8 is divided by l/(55/30) + -3.
2
Suppose 13*t + 115 = 1415. Let p(w) = -w + 4. Let d be (-2)/(-8) - (-111)/(-12). What is the remainder when t is divided by p(d)?
9
Let n be ((-12)/(-9))/(2/6). Let o = 83 + -68. Suppose -19 = -3*p + 3*w - 1, n*p - w - o = 0. What is the remainder when 5 is divided by p?
2
Suppose 1559*r - 1566*r = -364. What is the remainder when r is divided by 27?
25
Let o = 6 + -4. Suppose -o*w + 6*w + 25 = 3*y, -3*y - 5*w + 70 = 0. Let d(z) = 1130*z + 1172. What is the remainder when d(-1) is divided by y?
12
Let y(i) = -107*i + 4020. Calculate the remainder when y(37) is divided by 2 + (-2 - (-54 - 1)).
6
Suppose 2*q = -4*c + 21144, -3*c + 2193*q + 15852 = 2196*q. Calculate the remainder when c is divided by 7.
3
Let o be (3 - 3)/(-2 - 0). Suppose 6*i + 65 - 263 = o. Suppose -2*b + z = -0*b - 197, -290 = -3*b - 4*z. What is the remainder when b is divided by i?
32
Suppose 65*s - 46*s - 26*s + 371 = 0. Calculate the remainder when 1256 is divided by s.
37
Let t = -408 - -417. What is the remainder when 91 is divided by (-515)/(-11) + ((-126)/(-77))/t?
44
What is the remainder when 108 is divided by (2 + (-8)/6)*156 + (-24)/(-24)?
3
Suppose -1774 - 1721 = -15*j. Let h = 271 - j. Let u(m) = 17*m**2 - 2. Calculate the remainder when u(3) is divided by h.
37
Let k(b) = -17*b + 681. What is the remainder when 11374 is divided by k(39)?
16
Let i(r) = -43*r - 78. Suppose 0 = 33*k - 8584 - 6893. Calculate the remainder when k is divided by i(-2).
5
Suppose -o + 2*i = -5, 3*i = 4*o + i - 32. Suppose -p - 1 = o. What is the remainder when (68/p)/(1*(-3)/15) is divided by 9?
7
Let d(l) = -l**2 - 159*l + 1610. Calculate the remainder when 1270 is divided by d(9).
94
Let t(x) be the second derivative of 13*x**3 - 15*x**2/2 + 74*x. What is the remainder when t(4) is divided by 96?
9
Let c = -24138 - -47033. What is the remainder when c is divided by 159?
158
Let w(p) = -p**3 - 25*p**2 - p + 8. Let h be -2*(1 - (-4 + 30/(-4))). Calculate the remainder when 94 is divided by w(h).
28
Suppose -6*g + 1874 = -1294. Let h = g - 426. What is the remainder when h is divided by 35?
32
Suppose 0*b + 4*b = 0. Suppose 5*c = -b*c + 4*y + 960, 171 = c - 5*y. Calculate the remainder when 0 - c/(-2)*8/16 is divided by 27.
22
Let g be -1*210/(-4)*(-64)/(-96). What is the remainder when 285 is divided by 1673/g - 3/(-15)?
45
Let o(r) be the first derivative of -r**4/2 + 38*r**3/3 + 21*r + 60. Calculate the remainder when 47 is divided by o(19).
5
Suppose 6*r = -27*r + 11121. Let i = -330 + r. What is the remainder when 12 is divided by i?
5
Suppose 18*y = 4118 + 868. Let s = y - -128. Calculate the remainder when s is divided by 68.
65
Let p = 6 - -14. Suppose -6*x = -4*x - p. Let t = 13 - -16. What is the remainder when t is divided by x?
9
Suppose -4*g + 731 = -5*m, 4*m - m = -2*g + 393. Calculate the remainder when 95 is divided by 9/(g/(-6)) - (-340)/14.
23
Let w = -211 + 256. Calculate the remainder when 5/(w/(-6))*(-5 + -481) is divided by 65.
64
Suppose 0 = 21151*n - 21171*n + 12920. What is the remainder when n is divided by 96?
70
Suppose 4*b = 3*n - 82, -b - 19 = -27. Suppose 4*f - 263 = -3*d + 84, -4*d = -f - 431. Calculate the remainder when d is divided by n.
33
Suppose 90*o + 25*o = 7015. Let j(i) = i**3 - 6*i**2 - 4*i - 4. Calculate the remainder when o is divided by j(7).
10
Let t = 2771 + -2739. Calculate the remainder when 127 is divided by t.
31
Suppose 0 = 346*u - 33724 - 4900 - 5664. What is the remainder when 565 is divided by u?
53
Suppose 129*v - 135*v + 5631 - 267 = 0. What is the remainder when v is divided by 7?
5
Suppose -32*u + 292 = -252. Let z = 69 - 65. Let d(p) = p**2 - 2*p - 2. Calculate the remainder when u is divided by d(z).
5
Let u = -84 - -181. Let d = -2 + 22. What is the remainder when u is divided by d?
17
Let u(w) = 4*w**3 - 72*w**2 + 19*w + 71. What is the remain